285763
List the prime factors of 6324259.
6324259
What are the prime factors of 3578640?
2, 3, 5, 13, 31, 37
List the prime factors of 14718609.
3, 1635401
What are the prime factors of 34436?
2, 8609
What are the prime factors of 890451?
3, 98939
List the prime factors of 41193434.
2, 137, 149, 1009
List the prime factors of 3123472.
2, 11, 17747
List the prime factors of 965816.
2, 23, 29, 181
List the prime factors of 27864167.
53, 525739
List the prime factors of 5442273.
3, 604697
List the prime factors of 164878.
2, 7, 11777
What are the prime factors of 813564?
2, 3, 31
What are the prime factors of 615818?
2, 7, 43987
List the prime factors of 9764867.
7, 83
List the prime factors of 487848.
2, 3, 20327
List the prime factors of 170237.
37, 43, 107
List the prime factors of 18396562.
2, 9198281
List the prime factors of 8765133.
3, 13, 379, 593
What are the prime factors of 322062?
2, 3, 13, 4129
What are the prime factors of 170551?
170551
List the prime factors of 293058.
2, 3, 67
What are the prime factors of 2262891?
3, 754297
List the prime factors of 104962.
2, 11, 13, 367
List the prime factors of 700808.
2, 17, 5153
List the prime factors of 8525810.
2, 5, 852581
What are the prime factors of 1707522?
2, 3, 284587
What are the prime factors of 354943?
17, 20879
What are the prime factors of 9947957?
29, 311, 1103
What are the prime factors of 11485191?
3, 3828397
List the prime factors of 499203.
3, 6163
List the prime factors of 102802.
2, 7, 1049
What are the prime factors of 1587477?
3, 17, 1831
What are the prime factors of 3998955?
3, 5, 29, 317
List the prime factors of 325871.
7, 13, 3581
List the prime factors of 3260490.
2, 3, 5, 251, 433
List the prime factors of 18471918.
2, 3, 3078653
What are the prime factors of 6800681?
1723, 3947
List the prime factors of 785989.
179, 4391
What are the prime factors of 1321416?
2, 3, 18353
What are the prime factors of 1376482?
2, 521, 1321
List the prime factors of 1217704.
2, 152213
What are the prime factors of 577088?
2, 71, 127
What are the prime factors of 3267?
3, 11
What are the prime factors of 27886?
2, 73, 191
List the prime factors of 50479.
11, 13, 353
List the prime factors of 3844062.
2, 3, 31, 83
What are the prime factors of 4314392?
2, 313, 1723
What are the prime factors of 357506?
2, 178753
List the prime factors of 1083129.
3, 179, 2017
What are the prime factors of 2052413?
11, 186583
What are the prime factors of 338793?
3, 7, 13, 17, 73
List the prime factors of 758562.
2, 3, 7, 18061
What are the prime factors of 240418?
2, 120209
What are the prime factors of 3720763?
947, 3929
What are the prime factors of 30807746?
2, 15403873
List the prime factors of 31178417.
31178417
What are the prime factors of 697431?
3, 7, 33211
List the prime factors of 535372.
2, 133843
What are the prime factors of 3470035?
5, 41, 16927
List the prime factors of 1831839.
3, 41, 53, 281
What are the prime factors of 182983?
41, 4463
What are the prime factors of 2189805?
3, 5, 145987
What are the prime factors of 3637399?
283, 12853
What are the prime factors of 2130164?
2, 37, 389
What are the prime factors of 261568?
2, 61, 67
List the prime factors of 12615414.
2, 3, 7, 300367
List the prime factors of 273442.
2, 13, 809
List the prime factors of 533817.
3, 17, 1163
List the prime factors of 7593769.
37, 205237
List the prime factors of 6589388.
2, 13, 126719
What are the prime factors of 8220376?
2, 1027547
What are the prime factors of 11678893?
1187, 9839
List the prime factors of 613135.
5, 149, 823
What are the prime factors of 2044536?
2, 3, 13, 6553
What are the prime factors of 3946890?
2, 3, 5, 17, 71, 109
What are the prime factors of 16566324?
2, 3, 881, 1567
What are the prime factors of 7913640?
2, 3, 5, 7, 9421
List the prime factors of 1751992.
2, 11, 43, 463
What are the prime factors of 20842785?
3, 5, 61, 2531
What are the prime factors of 191324?
2, 7, 6833
What are the prime factors of 1043596?
2, 17, 103, 149
What are the prime factors of 55688?
2, 6961
What are the prime factors of 25147111?
11, 401, 5701
What are the prime factors of 3964189?
67, 59167
List the prime factors of 8371261.
257, 32573
List the prime factors of 272842.
2, 136421
What are the prime factors of 504268?
2, 126067
What are the prime factors of 11411?
11411
List the prime factors of 2264516.
2, 89, 6361
List the prime factors of 86925.
3, 5, 19, 61
What are the prime factors of 4800285?
3, 5, 7, 311
What are the prime factors of 96150?
2, 3, 5, 641
List the prime factors of 1208458.
2, 107, 5647
What are the prime factors of 2932481?
2932481
List the prime factors of 86809.
47, 1847
List the prime factors of 2040489.
3, 11, 20611
What are the prime factors of 409743?
3, 53, 859
List the prime factors of 966561.
3, 53, 6079
List the prime factors of 67134.
2, 3, 67, 167
What are the prime factors of 456795?
3, 5, 10151
List the prime factors of 326647.
31, 41, 257
List the prime factors of 2993185.
5, 13, 46049
List the prime factors of 392950.
2, 5, 29, 271
List the prime factors of 59637.
3, 103, 193
What are the prime factors of 353574?
2, 3, 13, 1511
What are the prime factors of 29407?
7, 4201
What are the prime factors of 7328?
2, 229
What are the prime factors of 332375?
5, 2659
What are the prime factors of 3329061?
3, 101, 10987
List the prime factors of 9222037.
11, 838367
List the prime factors of 171122.
2, 7, 17, 719
List the prime factors of 9273064.
2, 19, 61007
What are the prime factors of 11393498?
2, 379, 15031
List the prime factors of 11386378.
2, 5693189
What are the prime factors of 337567?
79, 4273
What are the prime factors of 300027?
3, 7, 13, 157
List the prime factors of 6422082.
2, 3, 1070347
List the prime factors of 147647.
147647
What are the prime factors of 3143270?
2, 5, 13, 24179
What are the prime factors of 3073545?
3, 5, 7589
What are the prime factors of 1147466?
2, 17, 33749
What are the prime factors of 535712?
2, 16741
What are the prime factors of 1865576?
2, 23, 10139
List the prime factors of 2010130.
2, 5, 59, 3407
What are the prime factors of 5436804?
2, 3, 17, 29, 919
What are the prime factors of 218224?
2, 23, 593
List the prime factors of 506187.
3, 11, 5113
What are the prime factors of 323474?
2, 197, 821
What are the prime factors of 334038?
2, 3, 55673
List the prime factors of 4238970.
2, 3, 5, 101, 1399
List the prime factors of 4314531.
3, 13, 110629
List the prime factors of 126003.
3, 97, 433
What are the prime factors of 266844?
2, 3, 37, 601
List the prime factors of 3027235.
5, 41, 14767
List the prime factors of 940468.
2, 235117
What are the prime factors of 256750?
2, 5, 13, 79
List the prime factors of 830931.
3, 276977
List the prime factors of 1159484.
2, 289871
List the prime factors of 1278419.
1278419
List the prime factors of 3482872.
2, 435359
List the prime factors of 590682.
2, 3, 17, 5791
List the prime factors of 8017753.
19, 421987
What are the prime factors of 27589241?
27589241
What are the prime factors of 490725?
3, 5, 727
List the prime factors of 1339839.
3, 41, 3631
List the prime factors of 21668312.
2, 83, 32633
What are the prime factors of 125465?
5, 23, 1091
What are the prime factors of 17237787?
3, 7, 23, 89, 401
What are the prime factors of 1692799?
47, 36017
List the prime factors of 325298.
2, 162649
What are the prime factors of 1417893?
3, 472631
What are the prime factors of 11464596?
2, 3, 11, 13, 17, 131
What are the prime factors of 3563664?
2, 3, 13, 5711
What are the prime factors of 667904?
2, 2609
What are the prime factors of 466546?
2, 479, 487
What are the prime factors of 1689699?
3, 11, 51203
What are the prime factors of 503345?
5, 100669
What are the prime factors of 280122?
2, 3, 46687
List the prime factors of 795861.
3, 11, 8039
What are the prime factors of 657783?
3, 7, 53, 197
What are the prime factors of 221769?
3, 41, 601
What are the prime factors of 343558?
2, 19, 9041
List the prime factors of 129814.
2, 47, 1381
What are the prime factors of 96168?
2, 3, 4007
What are the prime factors of 1821411?
3, 439, 461
List the prime factors of 8969732.
2, 2242433
List the prime factors of 9291511.
89, 104399
List the prime factors of 10112623.
227, 44549
